(-8) is divided by g?
27
Let x(o) = -o**3 + 3*o**2 - 4*o. Let k be x(2). Let z be 76/12 + k/(-6). Suppose z = -3*c + 25. Calculate the remainder when c is divided by 5.
1
Suppose -3999*u + 43104 = -3951*u. Calculate the remainder when u is divided by 15.
13
Let h(f) = 78*f - 1225. What is the remainder when h(22) is divided by 9?
5
Suppose 3*t - 1809 - 543 = -2*w, t - 788 = -2*w. What is the remainder when t is divided by 14?
12
Let q = -1112 - -1570. Let k = 520 - q. What is the remainder when 244 is divided by k?
58
Suppose 0 = -37*h + 392 + 521 + 308. Calculate the remainder when 225 is divided by h.
27
Let o = -102 - -106. Suppose -o*x + p - 9 = -6*x, -24 = -2*x + 4*p. Suppose 6*c - x - 84 = 0. What is the remainder when 42 is divided by c?
12
Let k(h) = 7 - 16*h + 6*h - 1 + 2 + h**2. Let m(l) = -l**3 - 12*l**2 - 13*l - 12. Let o be m(-11). Calculate the remainder when 32 is divided by k(o).
0
Let s be 8 - (5 - (0 + 0/3)). Suppose 0 = -s*v + 15, 6*o = 2*o + 5*v + 67. Calculate the remainder when 90 is divided by o.
21
Suppose 12*b - 875 = -13*b. Calculate the remainder when b is divided by (-8)/(-6) + -1 - (-51)/9.
5
Suppose 9*q + 7 = 34. What is the remainder when 153 is divided by q/(-2)*(-640)/48?
13
Let b(c) be the third derivative of -c**4/24 + 35*c**3/6 + 2*c**2 - 32*c. What is the remainder when 15 is divided by b(25)?
5
Let b(p) be the first derivative of 4/3*p**3 - 3/4*p**4 + 0*p - 6 + 5/2*p**2. What is the remainder when b(-2) is divided by 8?
6
Suppose -3*c - 4*k = -32, 2*c + 0*k + 7 = 3*k. Suppose 0 = -3*p - 5*u + c*u + 231, 2*p = 2*u + 146. Calculate the remainder when p is divided by 73.
3
Let s(n) = n**2 - 8*n - 427. Let d be s(25). Let t(u) = 41*u**2 + 2*u - 1. Calculate the remainder when t(1) is divided by ((-7)/35)/(d/220).
20
Calculate the remainder when 168 is divided by (1734/(-24))/17*-8.
32
Let s = 192 - 187. Calculate the remainder when (-3 + 0)/((-3)/52) is divided by 182/(-455) + (-1)/s*-137.
25
Let q be -1 - -1 - (20/(-5) - -1). Suppose -2 = -q*g + 7. Suppose -g*b = -28 - 11. Calculate the remainder when 45 is divided by b.
6
Suppose -5*y + 6*y = 1020 + 149. What is the remainder when y is divided by 28?
21
Let g(i) = -i + 3. Let h be g(7). Let z(k) be the third derivative of -5*k**4/12 + 47*k**3/6 + 170*k**2 + 1. What is the remainder when z(h) is divided by 22?
21
Let w = 105 + 3. What is the remainder when w is divided by (20/(-2))/5*1 + -23 + 54?
21
What is the remainder when 104184/90 + (-6)/10 - 273/(-39) is divided by 25?
14
What is the remainder when 467 is divided by (-24779)/(-355) + (-12)/(-10)?
41
Let g(w) = 8*w + 20. Let u be g(6). Let l = -57 + u. Suppose l*y - 327 - 36 = 0. Calculate the remainder when 131 is divided by y.
32
Suppose 72 = -o - 4*m + 9*m, -4*m = 2*o + 186. Let h = o - -149. Calculate the remainder when h is divided by 13.
10
Let m(d) = d**2 - 13*d + 8. Let y = 189 + -134. Calculate the remainder when y is divided by m(13).
7
Let g(p) = 1240*p - 2444. Calculate the remainder when 19219 is divided by g(2).
31
Let g(u) = 10*u**2 + 551*u + 99. Calculate the remainder when 81 is divided by g(-55).
37
Suppose 3*n - 58 = -2*j, -n - 2*n = -4*j + 80. Let u = -76316 + 76329. What is the remainder when j is divided by u?
10
Let d(f) = 2*f**3 - 95*f**2 - 50*f + 212. What is the remainder when 178 is divided by d(48)?
62
Suppose 4*j = 12, -3*j - 2*j = 5*h - 165. Suppose -28*m + 23*m - 5*s = -35, -2*m = -s - 26. Calculate the remainder when h is divided by m.
8
Let v(y) = -y**2 - 12*y + 290. What is the remainder when 163 is divided by v(10)?
23
Suppose -263 = -24*y + 97. Calculate the remainder when 283 is divided by y.
13
Suppose 5*m - 557 = -i, -242 = -2*m - 11*i + 13*i. Calculate the remainder when 295 is divided by m.
69
Let s(p) = -6*p - 3. Let c be s(-1). Suppose 0*t - d = 3*t - 22, 4*t + 3*d = 36. Suppose -c*l + t*l - 81 = 0. What is the remainder when 53 is divided by l?
26
Let r = -67 - -31. Let v = 0 - r. Suppose -5*m - 5*s = 76 - 756, -156 = -m + 4*s. Calculate the remainder when m is divided by v.
32
Suppose 0 = -3*b - 5*i + 3634, b - 4*i = 1843 - 626. What is the remainder when b is divided by 54?
25
Let h(l) be the third derivative of -l**6/120 - l**5/60 + l**4/24 + 25*l**3/6 + l**2 - 31*l. Calculate the remainder when 49 is divided by h(0).
24
Let h = -5107 - -12852. What is the remainder when h is divided by 127?
125
Let b(g) = 20 + g**2 - 87*g + 165*g - 83*g. Let v(m) = m + 6. Calculate the remainder when b(-5) is divided by v(9).
10
Let m be 138 - ((-3 - -1) + 4). Suppose 14*o - 13*o = -m. Let g = 13 - o. Calculate the remainder when g is divided by 30.
29
Let b = 5 - -39. Suppose -2*f + y + y = 358, -527 = 3*f - 5*y. Let j = f + 201. What is the remainder when b is divided by j?
10
Suppose 12*x - 101556 = -29*x - 85*x. What is the remainder when x is divided by 3?
2
Let q(w) = 7*w + 1. Suppose 379*b + 629*b - 35529 + 14361 = 0. What is the remainder when b is divided by q(1)?
5
Suppose -34*u - 4 = -35*u. Suppose -u*x - 6*z + 288 = -4*z, 3*z = -3*x + 216. What is the remainder when x is divided by 35?
2
Let s(v) = 12*v + 22. Let w be s(-9). Let h = w - -136. What is the remainder when 95 is divided by h?
45
Let l(w) = -w**3 + 6*w**2 + 73*w + 263. Calculate the remainder when 2127 is divided by l(13).
10
Suppose -4*m = -11*y + 3360 - 799, -2*m = -4*y + 934. Calculate the remainder when 922 is divided by y.
229
Let x be (-1)/6 - (-40207)/186. Suppose 2*t + 0*t + 260 = 0. Let m = x + t. What is the remainder when m is divided by 10?
6
Let b = 36 - 73. Let x = b + 38. Calculate the remainder when (19/(-2))/(x/(-6)) is divided by 20.
17
Suppose -10*n - n = -33. Suppose -n*i + 141 = -3. Let v(m) = m**2 - 3. What is the remainder when i is divided by v(-4)?
9
Let i = -3426 + 3471. Calculate the remainder when 446 is divided by i.
41
Let c = -118 + 129. Suppose 5*r - 155 = -5*o - 0*r, -2*r - 106 = -4*o. Calculate the remainder when o is divided by c + 8*(-5)/(-10).
13
Let o = -3957 + 4115. Let m(v) = v**3 - 6*v**2 + 7*v + 8. Calculate the remainder when o is divided by m(5).
14
Suppose -9*w + 11*w + 44 = -4*n, -2*n - 30 = -3*w. Let a = n + 32. Calculate the remainder when a is divided by 13.
7
Let x be 492 - (4 + (-3 - 6)). Suppose x*m - 495*m - 28 = 0. What is the remainder when 105 is divided by m?
7
Let p be 81 + (3 - (-1 + 5)) + -2. Suppose 5*b + p = s, s - 4*s = 2*b - 183. What is the remainder when s is divided by 22?
19
Suppose 13*w = -9288 + 13643. Calculate the remainder when w is divided by 870/42 + (-18)/(-14) + -1.
20
Suppose -3*m - 145 = -5*g - 0*m, -2*g - 5*m = -27. Let l = 16 - 14. Let b(q) = 17*q**2 + 4*q - 3. What is the remainder when b(l) is divided by g?
21
Let u = 945 - 902. Calculate the remainder when 1674 is divided by u.
40
Let m(z) = -9*z + 65. Suppose -3*f + 311 = -s - 270, 4*f + 2*s = 758. Calculate the remainder when f is divided by m(0).
62
Suppose -4*k = -5*m + 43, 2*m + 9*k - 10 = 7*k. Let l = -27 - -51. Calculate the remainder when l is divided by m.
3
Let k(s) be the first derivative of s**4/4 + 7*s**3/3 - 3*s**2/2 + 10*s - 127. What is the remainder when 183 is divided by k(-7)?
28
Suppose c = 4*l - 5*l + 11, 16 = l - 4*c. Calculate the remainder when l is divided by (-476)/85*360/(-252).
4
Let h = -17 + 7. Suppose 317 = -12*t + 65. Let f = h - t. What is the remainder when 54 is divided by f?
10
Let a(g) = 291*g + 17. What is the remainder when 1613 is divided by a(0)?
15
Let p be (-9 + 10)/((-2)/16). Calculate the remainder when 25 - 1 - (0 - -1) is divided by (p/6)/(368/(-1380)).
3
Suppose o = -3*u - 1191 + 1237, 5*o = 3*u + 176. Calculate the remainder when o is divided by 27.
10
Suppose -3*d = -27*a + 25*a - 3568, 2*a = -4. What is the remainder when d is divided by 70?
68
Suppose 62 - 653 = 3*g. Let b = 220 + g. Let y = 10 + 3. What is the remainder when b is divided by y?
10
Let s(g) = -4*g**2 - 28*g + 11. Let r be s(-7). Suppose 0 = -r*b + 633 + 49. Calculate the remainder when b is divided by 26.
10
Let v = 1936 + -1542. Calculate the remainder when v is divided by (-44)/3*(-54)/12.
64
Let r be ((-20)/50)/((-1)/(-5)). Let n be r/13 - 30/(-26). Suppose h - 4*f + n = 0, 5*h - 5*f + 0*f - 70 = 0. What is the remainder when 69 is divided by